actors of v(20).
2, 5, 29
Let m(j) = 163*j**2 - 6*j + 19. What are the prime factors of m(-5)?
2, 1031
Let o be ((-330)/40)/(3/(-32)). Suppose 0 = -3*n + 5*n - o. Suppose -5*i = 4*k + 15 - 235, -n = -i + k. List the prime factors of i.
2, 11
Let l = -1787 + 2065. List the prime factors of l.
2, 139
Suppose 2*l - 622 = f, 5*f = 2*l - 5*l + 907. List the prime factors of l.
3, 103
Suppose -5*n + 36 - 6 = 0. Suppose -7*t = -n*t - 228. List the prime factors of t.
2, 3, 19
Let d(j) = 8*j**3 - 3*j + 5. Let i be d(2). List the prime factors of (-14)/i - 569/(-9).
3, 7
Suppose -5*h + 10 = -x, 5*h - 24 = -x - 4. Suppose w + 24 = 2*k, -x*k + 3*k - 5*w + 24 = 0. List the prime factors of 0*(-3)/k + 22.
2, 11
List the prime factors of (-93)/30*(-347 + 37).
31
Let v(n) = n + 3. Let m be v(-3). Let o be 62 - (m/2 + -1). Suppose 2*g - o = -g. List the prime factors of g.
3, 7
Let d = 22 + -21. Let m(j) = 68*j**3 + 2*j**2 - j. List the prime factors of m(d).
3, 23
Let h be 1 - (-3 + 2 + -3). Let b(k) = 2*k**2 + 25*k - 9. Let g(j) = -j**2 - 13*j + 5. Let a(d) = h*g(d) + 2*b(d). List the prime factors of a(-14).
3, 7
Let p(w) = 2*w**2 - 5*w. Suppose 24 + 8 = 8*r. List the prime factors of p(r).
2, 3
Suppose -27*d + 22*d + 1215 = 0. Let s = -121 + d. List the prime factors of s.
2, 61
Suppose -53*x + 428 = -51*x. What are the prime factors of x?
2, 107
Let g(i) = i**2 - 14*i - 12. Let p be g(15). What are the prime factors of 2 - (-24 - (p - 5))?
2, 3
Let w(k) = 336*k - 2. List the prime factors of w(2).
2, 5, 67
Let a(k) = k**2 + 2*k + 100. List the prime factors of a(0).
2, 5
Let c be (40/(-6))/(8/84). Let q = c - -145. List the prime factors of q.
3, 5
Suppose 0*y + 6*y = 732. Let u = y - 81. What are the prime factors of u?
41
Let b(n) = 5*n - 5. Let t be b(4). Let c be (-10)/t + 94/6. Let h = c - 6. List the prime factors of h.
3
Suppose -50*l + l = -178654. What are the prime factors of l?
2, 1823
Let z = 24 + 305. List the prime factors of z.
7, 47
Suppose -30*i = -29*i - 2. Suppose -22 + 124 = i*k. List the prime factors of k.
3, 17
Suppose 0 = s - 5*d - 354 + 34, 2*s + 2*d = 640. Let u = s - 217. List the prime factors of u.
103
Suppose -3*v - v = -200. Suppose -5*d - v = -2*h, 4*h = 5*d + 36 + 54. List the prime factors of h.
2, 5
Suppose 79*v + 3647 = 86*v. What are the prime factors of v?
521
Suppose 3*n - 3767 = -r, 5*n + 4*r - 3347 = 2929. List the prime factors of n.
2, 157
Let x(t) = -28*t + 24. Let q be x(1). Let y(c) = -2*c + c - 8 - 3*c. List the prime factors of y(q).
2
Let o(m) = 2*m + 14. Let n be o(-6). Let z be (-1)/(-1) + n + 2. List the prime factors of (80/z)/(2 - 0).
2
Let m(l) = -l**2 - 14*l + 10. Let d be m(-15). Let a(s) be the second derivative of s**4/6 + 7*s**3/6 + s**2 + s. List the prime factors of a(d).
17
Let c(v) = -3*v - 6*v - 3 - 9. What are the prime factors of c(-5)?
3, 11
Let s(w) = -w**2 - 13. Let v be s(-8). Let j = 145 + v. What are the prime factors of j?
2, 17
Let m = -1201 - -1096. Let o be -2*5*(-156)/10. Let s = o + m. What are the prime factors of s?
3, 17
Suppose -2364 + 484 = -5*s + 5*b, -s - 4*b = -351. List the prime factors of s.
7, 53
Let b be -4 - 32 - (2 - 3). Let x = -11 - b. What are the prime factors of x?
2, 3
Let h = -455 - -2855. What are the prime factors of h?
2, 3, 5
List the prime factors of 345/30*(400 - 2).
23, 199
Let j = -459 - -1519. Suppose -7*q + j = 87. List the prime factors of q.
139
Suppose -25*u - 260666 = -111*u. What are the prime factors of u?
7, 433
Suppose 5*x - 4*c + 6*c - 25 = 0, c + 40 = 5*x. Suppose -8*z + 22 = -x*z. What are the prime factors of z?
2, 11
Suppose 4*z - 882 = -3*y, y - 171 = 3*z + 110. What are the prime factors of y?
2, 5, 29
Let s(z) = -4*z**2 - z. Let p be s(-1). Let c be (-20)/12*(p + 0). Suppose -3*b = 4*r - 32, c*b = r + 3*r + 32. What are the prime factors of b?
2
What are the prime factors of ((-140036)/208)/((-6)/(-8))*-6?
2, 2693
List the prime factors of (80/(-12) - -3)/((-8)/720).
2, 3, 5, 11
Let k(m) = -483*m - 170. What are the prime factors of k(-5)?
5, 449
Suppose -y + 2*f - 1 = -4, f - 6 = -2*y. Let v be -2*y/4*6. What are the prime factors of (-12)/v*93/2?
2, 31
Suppose 1 = -3*p - 5*y - 2, 2*y = -2*p + 2. Suppose p*b + 63 + 41 = 0. Let o = -9 - b. What are the prime factors of o?
17
Suppose -2*u + 2*k = 3*u + 8, -4*u - 4*k = -16. Suppose u = 11*p - 14*p + 141. What are the prime factors of p?
47
Suppose 4*i + 9 = 33. Suppose -5*b - i + 366 = 0. List the prime factors of b.
2, 3
Suppose -12 = -0*o - 4*o. Suppose o*l = -4*k - 13, -l + 0 = 3*k + 11. Let d(p) = 34*p + 2. List the prime factors of d(l).
2, 3
Let b(n) = 13*n**2 + 16*n - 10. List the prime factors of b(-12).
2, 5, 167
Suppose 5*r = -0*r + 10. Suppose -2*j = -h - r*h + 83, 3*j - 132 = -5*h. List the prime factors of h.
3
Suppose 12*m + 52*m = 56448. List the prime factors of m.
2, 3, 7
What are the prime factors of (9 - (3 + 5)) + 1471?
2, 23
Suppose -3*n = 2 - 8. Suppose -n*i = -4 - 6. Suppose 30 = -i*c + 115. What are the prime factors of c?
17
Suppose 0 = 3*a - 8*l + 5*l + 3, l - 7 = 2*a. Let u = a - 3. Let c = u - -34. What are the prime factors of c?
5
Suppose 3*q = -403 + 64. Let z = -15 - q. What are the prime factors of z?
2, 7
Let i(z) = 21*z**2 - z - 6 - 4*z - 27*z**2 + 0*z - z**3. Let u be i(-6). What are the prime factors of u/(-5)*(-40)/6?
2
Let l = -407 - -797. Suppose 0 = -k - 5*k + l. What are the prime factors of k?
5, 13
Let t(z) = -278*z + 111. What are the prime factors of t(-5)?
19, 79
Let x(a) = 9*a**2 - a + 9 - 9 + 0*a + a**3. Let n be x(-9). Let v = 8 + n. List the prime factors of v.
17
Let m(l) = 5*l - 1. Suppose 0 = -4*z - 10 + 2. Let u(d) = -20*d + 3. Let k(h) = z*u(h) - 9*m(h). What are the prime factors of k(-12)?
3, 7
Suppose -5*n = -5*l - 80, -2*n = 2*n + l - 84. Suppose 4*u + 113 = -0*x - x, -4*x - n = 0. Let o = -3 - u. What are the prime factors of o?
2, 3
Suppose 0 = -31*q + 13558 + 17659. What are the prime factors of q?
19, 53
Let h(z) = z**2 - 2*z - 4. Let p be h(4). Suppose -p*q + 100 + 156 = 0. What are the prime factors of q?
2
Let b = 1437 - 955. What are the prime factors of b?
2, 241
Suppose 0 = 6*l - 7*l + 30. Suppose -4*n + l = 6. What are the prime factors of n?
2, 3
Suppose -40*w = -41*w - 3, 0 = 3*f - 4*w - 10824. What are the prime factors of f?
2, 17, 53
Let v(h) = -h**3 - 4*h**2 - 2*h + 2. Let y be v(-2). Let c(f) = 8*f**2 + 2. What are the prime factors of c(y)?
2, 17
Let f(a) = a**2 + 28*a + 85. What are the prime factors of f(-39)?
2, 257
Suppose 0 = -s + 5*s - 8. Let l be (-587)/5 - s/(-5). List the prime factors of 10/35 - l/7.
17
Let j(v) = -4*v**3 - v + 7*v**2 + v**2 - 5 + 5*v**3 - 3*v**2. Let t be j(-5). What are the prime factors of t - 0 - (3 + -6)?
3
Suppose -4*r + 6*r = -4*o + 110, 5*r = 3*o - 76. Suppose 0 = -0*j - 4*j + w + 64, 0 = -4*j - 2*w + 52. Let y = o - j. List the prime factors of y.
2, 3
Suppose 5*h - 2*j = 5596, -j - 4475 = 3*h - 7*h. List the prime factors of h.
2, 13, 43
Let i(k) = k - 3. Let m be i(4). Let a be 10 + 635 - (3 - (3 - -3)). List the prime factors of (m/2)/(12/a).
3
Suppose -2*t - 16 = -3*g + 2*t, 5*g + 4*t = 16. Suppose g*d = 4*u - 12, -4*d + 5 = -9*d + 3*u. What are the prime factors of ((-35)/(-14))/(d/24)?
2, 3, 5
Let i = 235 + -233. List the prime factors of i.
2
Let i = 3381 - 2247. What are the prime factors of i?
2, 3, 7
Let b = -23 + 25. Let n(z) = -13*z**2 + 2 - 2*z**3 + 5*z**b - 10*z + z**3 - 8. List the prime factors of n(-8).
2, 37
Let t be 3/((-25)/(-15) - 2). Let s(b) = 2*b**2 + 5*b - 6. Let x be s(t). Suppose 10*l - 13*l = -x. List the prime factors of l.
37
What are the prime factors of (1 - -2) + 692/4?
2, 11
Let q = 6 - 2. Suppose 2 = -i + q. Suppose -2*j + i*c = -54, 4*j - c = 2*c + 107. List the prime factors of j.
2, 13
Let o(k) = -k**3 - 10*k**2 + 10*k - 2. Let u be o(-11). Suppose -11*d = -u*d - 224. What are the prime factors of d?
2, 7
Let v(g) = g**3 + 11*g**2 - 10*g + 22. Let z be v(-12). Let f(w) be the first derivative of -5*w**4/4 + w**2 + 2*w + 1. What are the prime factors of f(z)?
2, 19
Suppose -2*f + 5*f - 6 = 0. Suppose 0 = -3*u - k + 256, f*k - 34 = -u + 58. What are the prime factors of u?
2, 3, 7
Suppose 5*s - 2*n + 62 = -0*n, 5*n = -s - 7. Let